 13) in base 5?
10342121
What is 135330453 (base 6) in base 15?
39daec
Convert -387108 (base 11) to base 5.
-124002402
Convert 154826 (base 10) to base 3.
21212101022
What is 20011100021 (base 3) in base 4?
131212300
Convert 264034 (base 9) to base 7.
1235446
What is -11122002202211 (base 3) in base 5?
-1112244040
-9a3c83 (base 14) to base 11
-2a56381
What is 3bb4c (base 15) in base 10?
191547
181326 (base 9) to base 16
1b795
Convert -15241245 (base 6) to base 11.
-33544a
-202101000210 (base 3) to base 15
-7dc16
Convert 102113424 (base 5) to base 16.
68082
Convert -60553302 (base 7) to base 2.
-10011001110000110001100
522371 (base 9) to base 7
2431114
-1011510 (base 7) to base 6
-2330313
What is -158117 (base 10) in base 2?
-100110100110100101
Convert 122231331 (base 5) to base 13.
176c2a
Convert 243992 (base 10) to base 12.
b9248
Convert 1c42a8 (base 13) to base 10.
723289
What is -2074747 (base 8) in base 6?
-15523423
Convert -cc6c (base 15) to base 11.
-2a596
-120131231 (base 5) to base 9
-1031256
Convert 211111211111 (base 3) to base 2.
1101100001011100110
What is 110213203 (base 4) in base 16?
149e3
-241022 (base 6) to base 10
-20966
What is -521a8 (base 16) in base 10?
-336296
Convert -11110110111202 (base 3) to base 10.
-2371079
101001101100101111 (base 2) to base 4
221230233
What is -7807c2 (base 15) in base 4?
-111311010032
Convert -30203212101 (base 4) to base 12.
-11289a9
Convert 5806b (base 15) to base 6.
10001202
Convert 10251113 (base 6) to base 4.
1021302111
5266342 (base 8) to base 12
5786aa
Convert 727079 (base 11) to base 16.
11cada
What is -1101021021220 (base 3) in base 13?
-1c8b9a
-863859 (base 10) to base 4
-3102321303
Convert 75020 (base 11) to base 16.
1aa6c
Convert 16095b (base 12) to base 16.
5b757
-1000110110100110001 (base 2) to base 14
-77a13
What is -2140234213 (base 5) in base 11?
-2674685
-3c122 (base 14) to base 7
-1155442
Convert -14430360 (base 7) to base 11.
-855407
What is -73d16 (base 14) in base 15?
-57d27
What is 3e95ba (base 15) in base 10?
3018550
-124420202 (base 5) to base 15
-c49a2
1d512b (base 14) to base 13
2aa607
-22001022021200 (base 3) to base 13
-b69b23
Convert -3192c2 (base 14) to base 16.
-19975a
What is -1545552 (base 6) in base 16?
-1676c
57491 (base 16) to base 10
357521
What is -27142 (base 11) in base 9?
-58153
What is -342468 (base 9) in base 3?
-101102112022
What is -1225068 (base 9) in base 11?
-41571a
24462241 (base 7) to base 15
2d6d54
What is 31332202 (base 4) in base 12?
2916a
What is -30230121 (base 4) in base 12?
-26109
Convert 7a1975 (base 13) to base 15.
3c0ca0
What is -3112211113 (base 4) in base 2?
-11010110100101010111
What is -17a873a (base 13) in base 8?
-35372146
Convert 5505850 (base 9) to base 8.
13216764
What is 1002211112102012 (base 3) in base 12?
538764b
-3462660 (base 7) to base 12
-190103
-74251 (base 9) to base 3
-2111021201
Convert 1024102 (base 7) to base 8.
361742
-23ee8 (base 15) to base 12
-5649b
What is -1032331002 (base 4) in base 5?
-40322034
What is 381113 (base 9) in base 5?
24333312
Convert 722940 (base 13) to base 4.
22021323330
29c03 (base 13) to base 12
39812
What is -25fdc (base 16) in base 2?
-100101111111011100
Convert -3421410 (base 6) to base 9.
-284646
What is 1091966 (base 11) in base 7?
22125222
Convert -132122112001 (base 4) to base 8.
-36322601
Convert a3b627 (base 15) to base 2.
11101101100011011001001
Convert -3870 (base 15) to base 11.
-9047
-223162 (base 10) to base 16
-367ba
What is -e4240 (base 16) in base 10?
-934464
5b325 (base 15) to base 13
a2587
-23100033233 (base 4) to base 7
-34034645
What is 433055 (base 8) in base 13?
50c84
What is -41839 (base 13) in base 7?
-1000363
What is -2202120123 (base 4) in base 10?
-665115
What is 11022111110 (base 3) in base 15?
1a26c
What is 62120 (base 14) in base 6?
5021320
-743670 (base 10) to base 7
-6215064
Convert 477067 (base 10) to base 16.
7478b
What is -1010111111122 (base 3) in base 2?
-10010010100100001111
Convert 20210221000 (base 3) to base 5.
13242312
What is -1301321111 (base 4) in base 14?
-c2029
What is 5003324 (base 6) in base 14?
61420
What is -123560531 (base 7) in base 3?
-112210111202022
-467413 (base 8) to base 5
-20100444
-330340 (base 7) to base 10
-57799
-133202331 (base 4) to base 7
-1045500
Convert 633142 (base 8) to base 16.
33662
10110011100111101101101 (base 2) to base 5
3001321210
Convert -542323 (base 6) to base 4.
-22321023
21110110202202 (base 3) to base 4
33020022113
-546d3 (base 14) to base 2
-110001111010000001
What is 2222233220 (base 4) in base 16?
aabe8
Convert -11112123032 (base 4) to base 11.
-878858
What is -6263622 (base 9) in base 2?
-1100110001100101000011
What is 606212 (base 8) in base 11?
127143
112211212122 (base 3) to base 15
5b8c8
Convert 2153236 (base 7) to base 14.
6c956
230312134 (base 5) to base 11
640874
Convert 22435210 (base 6) to base 2.
10101000010010110110
Convert ce6e29 (base 15) to base 6.
551001133
Convert 571843 (base 9) to base 7.
2624541
Convert -297541 (base 11) to base 10.
-463838
Convert -7bad3 (base 15) to base 14.
-a37d2
What is 6137d (base 15) in base 3?
120122101101
What is 37faae (base 16) in base 2?
1101111111101010101110
What is 828085 (base 9) in base 2?
1110111111110011111
-2606323 (base 7) to base 8
-1224672
What is 1202202020121 (base 3) in base 5?
220033414
What is -a6447c (base 16) in base 9?
-22447171
What is -10b528 (base 12) in base 13?
-9533c
What is 2601a (base 14) in base 9?
152008
What is 12102121221 (base 3) in base 16?
1a18b
-10011011111101111111010 (base 2) to base 8
-23375772
124b62d (base 14) to base 13
1a8a040
What is 586357 (base 9) in base 6?
11315254
What is -31233232312 (base 4) in base 14?
-69b286
What is 2315540 (base 7) in base 16?
46d3c
95950 (base 10) to base 2
10111011011001110
What is -1533245 (base 9) in base 11?
-52a75a
69ded0 (base 15) to base 13
1081962
11001303002 (base 4) to base 15
1b0822
-526380 (base 10) to base 3
-222202001120
What is -1a26814 (base 13) in base 5?
-4201031122
-42052513 (base 6) to base 13
-3394b3
What is 5810 (base 10) in base 16?
16b2
-1692845 (base 10) to base 2
-110011101010010101101
Convert -15142041 (base 6) to base 8.
-2004451
What is 1069004 (base 10) in base 12?
436778
-23204203 (base 5) to base 9
-348863
8cd2 (base 15) to base 11
2050a
Convert 77d447 (base 14) to base 2.
1111100001101100110111
Convert 19446 (base 13) to base 14.
13c4c
43574 (base 9) to base 14
a767
What is 1110101011011011101110 (base 2) in base 9?
7214314
What is -15315b (base 15) in base 16?
-f9bd8
-c36 (base 16) to base 6
-22250
Convert -7125441 (base 8) to base 7.
-21653413
1020100202111 (base 3) to base 15
ce86d
What is -2051201 (base 7) in base 11?
-15a153
-11202023 (base 4) to base 10
-22667
6016a (base 14) to base 5
24341121
369874 (base 11) to base 13
175aa2
Convert -3145541 (base 6) to base 15.
-30a5d
What is 13520545 (base 6) in base 11?
295883
What is 16548611 (base 10) in base 4?
333020030003
What is -13200132133 (base 4) in base 16?
-1e079f
Convert -a249 (base 15) to base 3.
-1202000020
4df45f (base 16) to base 8
23372137
Convert -245466 (base 8) to base 9.
-138271
What is -11548 (base 14) in base 15?
-c789
What is 121153253 (base 6) in base 16?
231ce1
What is -4131143 (base 7) in base 5?
-111320104
What is -eb79 (base 16) in base 2?
-1110101101111001
What is -144121 (base 7) in base 8?
-66307
-1135062 (base 7) to base 3
-21021201210
-150035 (base 6) to base 7
-56426
-8d0b04 (base 14) to base 13
-cc28ca
333017 (base 12) to base 11
506556
What is -737496 (base 10) in base 15?
-e87b6
Convert -5415254 (base 6) to base 9.
-446057
101312031 (base 5) to base 12
181058
Convert -76019 (base 11) to base 3.
-12121120100
b441b (base 12) to base 16
39857
What is -4ab99 (base 12) in base 8?
-307045
What is -723e8 (base 16) in base 14?
-c2768
1111101101010101110 (base 2) to base 15
a27a9
What is 2e0c7 (base 15) in base 16?
244cf
Convert -269a40 (base 11) to base 12.
-184a91
What is -475ab (base 12) in base 4?
-113122103
What is 1116602 (base 10) in base 6?
35533242
107469 (base 10) to base 4
122033031
Convert 45617672 (base 8) to base 14.
145b4ca
Convert 3205b5 (base 12) to base 15.
108ad5
What is -45122774 (base 8) in base 5?
-4443214240
Convert 107308 (base 9) to base 11.
44429